 4*y. What are the prime factors of y?
5, 13
Let i be (704/(-33) - -13)/((-10)/12). Let r(n) = n**3 - 3*n**2 + 5*n - 3. Let t be r(3). Let o = t - i. List the prime factors of o.
2
Let r(c) = -c**2 + 9*c - 5. Let i be r(8). Suppose -i*j - j + 148 = 0. What are the prime factors of j?
37
Suppose 0 = 5*h + p - 19898, 4*p - 6*p = 4*h - 15916. What are the prime factors of h?
2, 5, 199
Suppose -9*v = -2*v + 434. Let k = -45 - v. What are the prime factors of k?
17
Let b be 7 + -11 - (-195)/(-3). Let z = b + 261. What are the prime factors of z?
2, 3
Let m(c) = -3*c**3 - 2*c**2 + 11*c + 10. Let u = -63 - -59. List the prime factors of m(u).
2, 3, 7
Let j(l) = -170*l - 8. Let w be j(-4). Let h = -399 + w. What are the prime factors of h?
3, 7, 13
List the prime factors of 3598/29 + (-30)/435.
2, 31
Let z(b) = 5*b + 1. Let n be z(-2). Let y = -129 + 112. Let x = n - y. List the prime factors of x.
2
Let x be 2285/(-25) + (-2)/(-5). Let m = 186 + x. Let a = -48 + m. What are the prime factors of a?
47
Let r(o) = o**2 - 10*o + 9. Let b be r(9). Suppose -14 = -2*x - 4*c, 0 = -3*x - 2*c - b*c + 13. What are the prime factors of -2 + (4 - (-3 + x))?
2
Suppose -2*r = -9*r + 147. Let x(n) = n + 24. What are the prime factors of x(r)?
3, 5
Let r(y) = 363*y + 28. List the prime factors of r(4).
2, 5, 37
Let v(x) = 34*x + 11*x - 8 + 30*x - 22*x. List the prime factors of v(2).
2, 7
Suppose 11 - 31 = -10*p. Suppose p*r = 4*r - 110. List the prime factors of r.
5, 11
Let k be ((-14)/4)/7*10. Let y be -2 - -3 - 5/k. Suppose y*n - 9 = u, 0*u + 5 = u. List the prime factors of n.
7
Suppose 2*h = -0*h + 2*x + 26, 0 = -h - x + 5. Let w(y) = 9*y**2 + 4*y**2 - 11*y**2 - 8 - h*y. List the prime factors of w(8).
2, 3
Suppose m = 2*p + 2*p - 5, 0 = p + 2*m - 8. Suppose 0 = -2*d - p. What are the prime factors of d + (-2 - -31 - 1)?
3
Let z = -118 + 238. Suppose 6*b - z = 4*b. What are the prime factors of b?
2, 3, 5
Let b = -291 - -1042. What are the prime factors of b?
751
Let h = 215 - 105. Suppose -122 = -3*b - h. List the prime factors of b.
2
Let f = 2440 + -1533. List the prime factors of f.
907
Let a(v) = -v**3 - 7*v**2 + 5*v + 8. Let p = 7 + -16. Let z(o) = -o**2 - 7*o + 10. Let t be z(p). What are the prime factors of a(t)?
2
Let a(t) = -4*t**3 + 2*t**2 + 20*t + 2. What are the prime factors of a(-5)?
2, 113
Suppose 13 = 4*x - 5*m, -m - 4 = 3*m. Suppose 5*u - 2 = 4*h - 8, -2*h + 4 = -x*u. What are the prime factors of u?
2
Let v = -1327 - -2202. What are the prime factors of v?
5, 7
Let l = 67 + -37. Suppose 5*b - 4*k - l = 0, -5*b + k = -4 - 11. Suppose -68 = -b*y + 3*v, -3*y + 8*y - 163 = 4*v. List the prime factors of y.
31
Let y(g) = -162*g - 525. What are the prime factors of y(-23)?
3, 11, 97
Suppose -4*n = -2*n - 122. Let c = n + -36. Suppose s = 27 + c. List the prime factors of s.
2, 13
Suppose 1698 + 2390 = 4*f. What are the prime factors of f?
2, 7, 73
Suppose -5*y - g - 77 = -509, 5*g = -5*y + 440. Suppose -5*i = 3*u - 601, 5*u - y = -4*i + 894. What are the prime factors of u?
2, 3
Let b = -55 + 55. Suppose 3*c - 97 = -3*l + c, b = -l + 5*c + 4. What are the prime factors of l?
29
Suppose -5*h + 0*h = 70. What are the prime factors of 2 + h/6 - (-1029)/9?
2, 3, 19
Let c = 90 - 56. List the prime factors of (1*23)/(-8 - c/(-4)).
2, 23
Let q = -11 + 15. Suppose -2*c + 10 = -2*g, 11 + q = g + 3*c. Suppose x + 3*x - 72 = g. List the prime factors of x.
2, 3
Suppose -7*l - 26 = -3*l + 2*d, -7 = -2*l + 3*d. Let p be (105/14)/(1/(-2)). Let x = l - p. What are the prime factors of x?
11
Let y(u) = -3*u**2 + u - 12. Let w be y(5). Let a = w - -152. What are the prime factors of a?
2, 5, 7
Let u(y) be the first derivative of 13*y**2 - y - 19. What are the prime factors of u(1)?
5
Suppose -6 = a - 3*q, 3*a + 2 = -a + q. Suppose -2*s + a*s + 17 = -k, s - 7 = k. Suppose -s = -h - h. List the prime factors of h.
5
Let p = 1939 - 966. What are the prime factors of p?
7, 139
Let j(k) = k**3 - 4*k**2 - 9*k + 3. Let s be j(9). Suppose 4*f - 105 = s. Suppose -5*b + f = -b. List the prime factors of b.
3
What are the prime factors of (-2)/(1 - -1) + (-30 - -314)?
283
Let i(r) = 4*r**2 - 18*r + 12. Let k = 35 + -29. What are the prime factors of i(k)?
2, 3
Let c = -126 + 191. Let s = c + -61. What are the prime factors of s?
2
Suppose -m - 2*q = -4*m, 5*m = 3*q + 1. Suppose 0 = -m*l + 4*l - 88. List the prime factors of l.
2, 11
Let b = 8344 - 5797. What are the prime factors of b?
3, 283
Let o be (-3 - -3) + 0/3. Suppose o = 2*z + 3*d + 23, z - 4*d - 61 = 6*z. Let v = 19 + z. What are the prime factors of v?
2, 3
Suppose -2*p - 276 = -3*j, 6*j = 4*p + 3*j + 552. List the prime factors of (3/(-2))/(18/16)*p.
2, 23
Suppose -5*r + 5*v + 998 = -26392, 4*v + 10966 = 2*r. List the prime factors of r.
13, 421
Suppose -1173 - 1659 = -8*w. What are the prime factors of w?
2, 3, 59
Suppose 1802 = 4*l - 86. List the prime factors of l.
2, 59
Suppose -k - 42 = 4*d - 137, -3*k = 2*d - 45. Suppose d = 14*y - 11*y. What are the prime factors of y?
2
Suppose 0 = j + a - 145, 0*a - a = 5*j - 745. Suppose 7*c + 24 = j. List the prime factors of c.
2, 3
Let y(m) = m**2 + 9*m - 40. Let n be y(-24). Suppose -n = -5*x - 85. List the prime factors of x.
47
Suppose -12*x + 9 = -13*x. What are the prime factors of 18 - 1 - 5/((-15)/x)?
2, 7
Suppose 3*u + 13 = -4*g + 40, g + 3*u = 18. Suppose 0*h + 106 = g*t - 2*h, -h = -2*t + 72. What are the prime factors of t?
2, 19
Suppose 6*v = 12*v - 3816. Suppose 5*a + v = 4*s, 5*a + 164 = 5*s - 636. What are the prime factors of s?
2, 41
Let x(p) = -48*p - 71. List the prime factors of x(-5).
13
Let j be (-1 + 17)/(50/1375). Suppose -j = -4*t - 4*t. List the prime factors of t.
5, 11
Suppose 4*b = 5*q - 58, -20 - 35 = -5*q + 5*b. Suppose 10*d + q = 11*d. Let f = -4 + d. List the prime factors of f.
2, 5
List the prime factors of ((-1)/(-2))/(12/11232).
2, 3, 13
Suppose -3*s + b - 18 = 0, 0 = -5*s - 3*b - 2*b - 50. Let o(j) be the first derivative of -4*j**2 + 6*j + 248. What are the prime factors of o(s)?
2, 31
Let h be (8 - 6) + 0 + -49. Let n = h + 51. List the prime factors of n.
2
Let m(i) = -20*i + 4. Let j be m(-3). Let r = 499 + -495. Suppose 4*s + r*q = -0*s + j, -2*s = 4*q - 30. List the prime factors of s.
17
Let b(d) = 25*d**2 + 29*d - 75. What are the prime factors of b(-10)?
5, 7, 61
Let z(s) = 25*s + 74 + 77 - 172. List the prime factors of z(7).
2, 7, 11
Let h(l) = -l**2 + 18*l + 6. Suppose 0 = 4*a + 4*i - 88, -a + 2 = -2*a + 5*i. What are the prime factors of h(a)?
2, 3
Let c be ((-105)/42)/(1/(-22)). Suppose y - 3*y + 12 = 0. Let v = c - y. List the prime factors of v.
7
List the prime factors of (1/(-3))/(-11 - -10)*2337.
19, 41
List the prime factors of (17/(-22 - -5))/(2/(-2018)).
1009
Suppose 6*f + 14 = 50. Let m be f/(-39) - (-82)/26. Let l(r) = -r**2 + 3*r + 5. What are the prime factors of l(m)?
5
Suppose -9*k + 88 = 745. Let h = k - -98. What are the prime factors of h?
5
Suppose 230 + 70 = 4*w. Let s = w - 32. Suppose 33 = 4*a - s. What are the prime factors of a?
19
Let d(o) = -o - 15. Let b be d(-19). Suppose b*r = -0*r + 300. List the prime factors of r.
3, 5
Let o(x) = x**3 + 13*x**2 - 74*x + 37. List the prime factors of o(-17).
139
Let y(v) = v + 33. Let w be y(11). What are the prime factors of -2 - (-7)/7 - (2 - w)?
41
Let v(f) = -f**3 - 22*f**2 + f + 31. Let x be v(-22). Let w(y) = 3*y**2 - 2*y - 26. List the prime factors of w(x).
199
Let l be 1/(4/12)*-1. Let p(v) = -3*v**3 - 5*v**2 - 4*v. Let j be p(l). Let o = j - 12. List the prime factors of o.
2, 3
Let x(g) = g**2 - 7*g + 198. What are the prime factors of x(-29)?
2, 3, 23
List the prime factors of -3*(-10)/45*612.
2, 3, 17
Suppose 16 = 8*b - 8. Suppose t = 5, -5*x + 2*x + 31 = 5*t. Suppose x*v = b*v - 5. List the prime factors of v.
5
Let x = -45 - -47. Suppose -h = -x - 34. What are the prime factors of h?
2, 3
Let t(z) = -123*z - 37. What are the prime factors of t(-11)?
2, 7, 47
Let a = -146 + 35. Let y = a + 205. What are the prime factors of y?
2, 47
Let q(i) = 13*i - 6. Suppose -2*c + 3*c - 5 = 0. Suppose -c*b - 5*l = -15, 0*b + 4*l + 8 = b. List the prime factors of q(b).
2, 23
Suppose -600 = -3*m - m. Suppose -2*f + f = m. List the prime factors of 